t of h?
6
Let c(p) = -42*p + 7. Let q be c(-1). Let a = -47 + q. Suppose 16 = -a*s + 124. What is the units digit of s?
4
What is the hundreds digit of ((-2)/8)/(-27 + (-48629570)/(-1801096))?
4
Let c(k) = 8*k**2 - 14*k + 63. Let w be (-2)/(-4) - (-375)/50. What is the hundreds digit of c(w)?
4
Let w be (123110/325)/((-4)/(-10)). Let c = -566 + w. What is the tens digit of c?
8
Suppose 2*w - 321 = 1535. Suppose -w = 2*r - 4*r. Suppose 3*m - r = -m. What is the tens digit of m?
1
Let p(j) be the first derivative of 29*j**4/4 + j**3/3 - 15*j**2/2 + 2*j - 109. What is the tens digit of p(3)?
4
Let t(q) = -q**2 + 30*q - 170. Let g be t(22). Suppose 11882 = 7*l + g*l. What is the hundreds digit of l?
9
Suppose -8 = -5*m - 28, -5*j + 3*m + 47 = 0. Suppose 4*c - 834 = -3*f, 3*c - 2*f - 631 = -j*f. What is the hundreds digit of c?
2
Let l(b) = 197*b**2 - 8*b - 121. What is the thousands digit of l(-6)?
7
Let j(x) = 7*x - 1. Let o = -12 + 12. Suppose -6*t + 6 + 0 = o. What is the units digit of j(t)?
6
Let g = 4518 + -1889. Let k = g - 1581. What is the hundreds digit of k?
0
Let y(c) = 8 + 0 + 16 + 138*c. Let o be y(2). Suppose 9*g = 14*g - o. What is the units digit of g?
0
Suppose 0 = -15*x + 16*x + 17*x - 110304. What is the units digit of x?
8
Let d = 69 + -49. What is the units digit of (4 + -40)*d/(-6)?
0
Suppose 104*s = 114*s - 61130. What is the units digit of s?
3
Suppose -11*h - 17*h - 236969 = -51*h. What is the thousands digit of h?
0
Let a(l) = l**3 - l**2 + 1. Let s(d) = 2*d**3 - 2*d**2 + d + 19. Let k(i) = -a(i) + s(i). Let g be (968/88 + (-3 - 0))*6/8. What is the hundreds digit of k(g)?
2
Let y be (0 + -6)/3 + 22. Let h be y/(-4)*(-28)/(-10). What is the units digit of (-4)/h + (-201)/(-7)?
9
Let v = -32 - -32. Suppose v = 5*s + 5*y - 35, 3*s - 2*s + 2*y - 11 = 0. Suppose -s*m + 124 + 62 = 0. What is the tens digit of m?
6
Let u be 120 - (5/1 - (-4)/(-1)). Suppose 7 = -7*v + u. What is the tens digit of v?
1
Suppose 16*l + 584 = -120. What is the units digit of (-43 - l)/(-1*(-2)/542)?
1
Suppose -64*s + 192984 = -347048. What is the thousands digit of s?
8
Let q be (78/65)/((-6)/(-60)) - 10. Suppose 6*z - z + 3*j = 0, 3*z - 19 = 2*j. Suppose -p + 4*d + 237 = 29, -z*p + 654 = -q*d. What is the hundreds digit of p?
2
Suppose -13*i + 2214 = 1850. Suppose 0 = 4*k + 266 - 94. Let c = i - k. What is the tens digit of c?
7
Suppose 12*x - 5002 - 6314 = 0. What is the tens digit of x?
4
Suppose 4*z + 176 = -4*v, -62 = 2*z + 3*v + 22. What is the tens digit of (-1)/4 + (-31452)/z + -8?
4
Let w = -29364 + 67552. What is the thousands digit of w?
8
Let p be (-2 + 1)/((-8)/2712). Suppose -5*l + p = -i, -6*l + l - 1037 = 3*i. What is the units digit of -4 - (i/4 + -4)?
6
Let y = -1428 + 2051. Let f = -264 + y. What is the hundreds digit of f?
3
What is the thousands digit of -2*3/42 + 5647853/791?
7
Suppose -5*v + v = 20, 2*v = k - 6544. What is the thousands digit of k?
6
Let c be 2*43 + 66/33. What is the units digit of 3268/6 + (c/12)/(-11)?
4
What is the hundreds digit of (-1)/(-23) + 83880/23?
6
Let z = -36 + 68. Suppose 2 = -5*x + z. Suppose k - 5*h = 87, -x*k + 409 = -k + h. What is the units digit of k?
2
Suppose -2*c = -6*c + 2*k + 50, -5*k - 34 = -3*c. Let o(g) = c*g + g**2 - 19 + 0*g + g. What is the hundreds digit of o(-21)?
1
Let z(c) be the second derivative of c**4/2 - 8*c**3/3 + 13*c**2/2 + 27*c - 2. What is the tens digit of z(7)?
9
Let z = -274 - -272. What is the tens digit of (5 + -4)*z/(-5)*1255?
0
Let d = 10 + -2. Suppose -5*s = -18 + d. Suppose 0 = -s*v + 254 + 48. What is the tens digit of v?
5
Suppose 253*t - 349*t = -3612096. What is the ten thousands digit of t?
3
Let a(k) = 20*k**2 - k + 66. What is the units digit of a(-11)?
7
Suppose 35693 = 4*j - 5*m - 36064, -2*j - 2*m + 35856 = 0. What is the thousands digit of j?
7
Let s be (-9 - 42)*(-3 + 2). Let v(j) = -s*j + 1 + 11 + 88*j - 44*j. What is the tens digit of v(-13)?
0
Let m = -152 + 58. Let k = m + 99. What is the units digit of (k/(-3) - -1)/(2/(-174))?
8
Let l = 12951 - 6773. What is the thousands digit of l?
6
Suppose -103*w - 29*w = -7489416. What is the hundreds digit of w?
7
Suppose 3*j - 5*j = 190. Let b = j + 166. Suppose b + 189 = 4*z + 2*v, 0 = -3*v + 12. What is the units digit of z?
3
Let j = 30143 - 20523. What is the thousands digit of j?
9
What is the units digit of 1*35*(-2302585)/(-1325)?
3
Let j = -76 + 81. Suppose -6*a + j*a - 5*u = -12, 0 = -3*a + 3*u. Suppose 3*b - 4*s = 268, 178 = b + b - a*s. What is the units digit of b?
8
Suppose -y + 5 - 6 = 0. Let d be 2/7 + 60/(-35)*y. Suppose 3*g - 115 = -d*g. What is the tens digit of g?
2
Suppose 3*s - 15 = -2*p + 4, -p = -2*s - 6. Suppose 3*c + 5*h - 16 = 0, p + 0 = -2*h. What is the tens digit of c?
1
Suppose -2*o + o + 45 = 0. Let q = -1330 - -1317. Let x = o + q. What is the tens digit of x?
3
Let f be (-66)/15 - (-4 - 72/(-20)). Let c(w) = -6*w**3 + 6*w**2 + 5*w + 10. What is the units digit of c(f)?
0
Let t(c) = 38*c - 22. Let o be t(-9). Let k = o + 558. What is the units digit of k?
4
Let o be (-20)/(-28) + 10/35. Let k be ((-11)/((-44)/320))/o. Let u = k + 6. What is the tens digit of u?
8
Suppose 0 = -7*d - 16*d + 941297 + 85975. What is the thousands digit of d?
4
What is the units digit of 510/204*(-52284)/(-10)?
1
Suppose 146*r - 457170 = 48*r. What is the thousands digit of r?
4
Let h(d) = -3*d**2 + 2. Let q be h(0). What is the units digit of 2*(-12)/24 - q*-265?
9
Suppose 0 = -4*n - 20, -3*t + n + 27393 - 2638 = 0. What is the tens digit of t?
5
Suppose -9 = -3*h - 3, -3*c = 4*h - 20. What is the units digit of 13/((-65)/(-210))*c?
8
Let s = 48958 - 26115. What is the ten thousands digit of s?
2
Suppose -l - 3*l - 5*x = -56033, -42022 = -3*l - x. What is the thousands digit of l?
4
Let m = -7776 + 11914. What is the tens digit of m?
3
Let c(k) = k**2 - 17*k + 64. Let m be c(5). Suppose 2*q - 1020 = 3*h - 5*h, m*h = -5*q + 2043. What is the units digit of h?
7
Let k(g) = g**3 + 22*g**2 - 28*g + 34. Suppose -34*x = -39*x - 115. Let z be k(x). Let o = z + -59. What is the units digit of o?
0
Suppose 0 = -2*l + 288 - 64. Suppose -l = -4*x - 18*m + 14*m, 0 = 2*m + 8. What is the tens digit of x?
3
What is the thousands digit of ((-1)/(-2) - 0)/((-642)/(-32250228))?
5
Let a = 35368 - 23585. What is the units digit of a?
3
Let u = -19 + 59. Let i = u + -41. What is the tens digit of (-4 + 8)/((-87)/93 - i)?
6
Let b(j) = j**2 - 5*j - 18. Let d be b(8). Let h be d/4*7/(42/124). Suppose -5*w = 4*i - h, -2*w - 3*i = w - 18. What is the units digit of w?
7
Let c(z) = 13*z**3 + z**2 + 3. Let w(m) = -28*m**3 - 3*m**2 + m - 6. Let r(a) = -5*c(a) - 2*w(a). What is the tens digit of r(-3)?
5
Let f = -5 + 7. Suppose f*z + 2*j - 92 = 0, 21 + 15 = z + 3*j. What is the tens digit of z?
5
Let i(y) = -y**3 + 5*y**2 + 7*y - 3. Let t = -26 + 31. Let d be i(t). What is the units digit of (d/(-48))/((-4)/78)?
3
What is the tens digit of (-2)/(-32)*59238 + (-84)/224?
0
Suppose 5*a - a = 3*o + 18, 0 = -3*a + o + 16. Let q(f) = 4*f + 2 - 2*f - 5 + a*f**2 + 4*f**2. What is the tens digit of q(2)?
4
Let m(q) = -1133*q - 17070. What is the tens digit of m(-30)?
2
Suppose 0 = 5*a + 20, -2948 = -3*n - 0*a - 4*a. Suppose 4*z + 4*m - 1328 = 0, -5*z + 2*z + m + n = 0. Let d = z - 157. What is the units digit of d?
3
Let g(n) = -4*n + 6. Let z be g(9). Let q be ((-25)/z - 1/(-6))*2. Suppose c - 120 = -q*c. What is the units digit of c?
0
Suppose -55 = 64*w + 73. What is the tens digit of ((-5535)/36 - 5)/(w/24)?
0
Let b = 4767 + -1444. Suppose -4*c + v + b = 0, 2*c = 6*v - 10*v + 1684. What is the tens digit of c?
3
Suppose 3*n + 4*c = 38761, -4619 - 8298 = -n - 3*c. What is the tens digit of n?
2
Let k = -2 - -8. Suppose k*f - 63 = -f. Suppose f + 3 = 4*r, 4*w = -2*r + 30. What is the units digit of w?
6
Suppose 0 = a + 3*n - 29098, -69*a + 5*n - 29090 = -70*a. What is the units digit of a?
0
Suppose -3*n - 1719 = -2*k, -6*k + 5*k = -5*n - 849. Suppose 0 = -2*o - 2*s + k, 0*s - s = 1. What is the units digit of o?
3
Let y(c) = -c**3 - 14*c**2 - 13*c + 2. Let m be y(-13). Suppose 4*g + 23 = m*f + g, -3*g = -5*f + 35. Suppose 0 = 3*h - f*h + 22. What is the tens digit of h?
2
Suppose 0 = -3*d + 148 - 133, -7417 = -8*x -